CRAN Package Check Results for Package FastCUB

Last updated on 2024-02-21 06:53:09 CET.

Flavor Version Tinstall Tcheck Ttotal Status Flags
r-devel-linux-x86_64-debian-clang 0.0.2 NOTE
r-devel-linux-x86_64-debian-gcc 0.0.2 4.03 31.37 35.40 NOTE
r-devel-linux-x86_64-fedora-clang 0.0.2 65.01 NOTE
r-devel-linux-x86_64-fedora-gcc 0.0.2 55.61 NOTE
r-devel-windows-x86_64 0.0.2 6.00 56.00 62.00 NOTE
r-patched-linux-x86_64 0.0.2 6.40 40.26 46.66 OK
r-release-linux-x86_64 0.0.2 4.83 39.32 44.15 OK
r-release-macos-arm64 0.0.2 24.00 OK
r-release-macos-x86_64 0.0.2 31.00 OK
r-release-windows-x86_64 0.0.2 5.00 59.00 64.00 OK
r-oldrel-macos-arm64 0.0.2 23.00 OK
r-oldrel-windows-x86_64 0.0.2 8.00 56.00 64.00 OK

Check Details

Version: 0.0.2
Check: Rd \usage sections
Result: NOTE Documented arguments not in \usage in Rd file 'kkk.Rd': ‘Vector’ Functions with \usage entries need to have the appropriate \alias entries, and all their arguments documented. The \usage entries must correspond to syntactically valid R code. See chapter ‘Writing R documentation files’ in the ‘Writing R Extensions’ manual. Flavors: r-devel-linux-x86_64-debian-clang, r-devel-linux-x86_64-debian-gcc, r-devel-linux-x86_64-fedora-clang, r-devel-linux-x86_64-fedora-gcc, r-devel-windows-x86_64