CRAN Package Check Results for Package FamilyRank

Last updated on 2022-10-04 07:49:46 CEST.

Flavor Version Tinstall Tcheck Ttotal Status Flags
r-devel-linux-x86_64-debian-clang 1.0 30.56 33.48 64.04 NOTE
r-devel-linux-x86_64-debian-gcc 1.0 24.53 26.08 50.61 NOTE
r-devel-linux-x86_64-fedora-clang 1.0 100.09 NOTE
r-devel-linux-x86_64-fedora-gcc 1.0 91.61 NOTE
r-devel-windows-x86_64 1.0 35.00 80.00 115.00 NOTE
r-patched-linux-x86_64 1.0 25.37 32.93 58.30 NOTE
r-release-linux-x86_64 1.0 26.29 32.33 58.62 NOTE
r-release-macos-arm64 1.0 28.00 NOTE
r-release-macos-x86_64 1.0 34.00 NOTE
r-release-windows-x86_64 1.0 48.00 83.00 131.00 NOTE
r-oldrel-macos-arm64 1.0 27.00 NOTE
r-oldrel-macos-x86_64 1.0 45.00 NOTE
r-oldrel-windows-ix86+x86_64 1.0 77.00 95.00 172.00 NOTE

Check Details

Version: 1.0
Check: LazyData
Result: NOTE
     'LazyData' is specified without a 'data' directory
Flavors: r-devel-linux-x86_64-debian-clang, r-devel-linux-x86_64-debian-gcc, r-devel-linux-x86_64-fedora-clang, r-devel-linux-x86_64-fedora-gcc, r-devel-windows-x86_64, r-patched-linux-x86_64, r-release-linux-x86_64, r-release-macos-arm64, r-release-macos-x86_64, r-release-windows-x86_64, r-oldrel-macos-arm64, r-oldrel-macos-x86_64, r-oldrel-windows-ix86+x86_64