CRAN Package Check Results for Package FRK

Last updated on 2021-06-14 07:48:37 CEST.

Flavor Version Tinstall Tcheck Ttotal Status Flags
r-devel-linux-x86_64-debian-clang 2.0.0 156.69 590.68 747.37 NOTE
r-devel-linux-x86_64-debian-gcc 2.0.0 144.83 456.76 601.59 NOTE
r-devel-linux-x86_64-fedora-clang 2.0.0 941.62 NOTE
r-devel-linux-x86_64-fedora-gcc 2.0.0 965.79 NOTE
r-devel-windows-x86_64 2.0.0 183.00 283.00 466.00 NOTE --no-vignettes
r-devel-windows-x86_64-gcc10-UCRT 2.0.0 NOTE
r-patched-linux-x86_64 2.0.0 157.47 582.26 739.73 NOTE
r-patched-solaris-x86 2.0.0 1336.30 NOTE
r-release-linux-x86_64 2.0.0 160.03 579.11 739.14 NOTE
r-release-macos-arm64 2.0.0 NOTE
r-release-macos-x86_64 2.0.0 NOTE
r-release-windows-ix86+x86_64 2.0.0 316.00 560.00 876.00 NOTE --no-vignettes
r-oldrel-macos-x86_64 2.0.0 NOTE
r-oldrel-windows-ix86+x86_64 2.0.0 316.00 545.00 861.00 NOTE --no-vignettes

Additional issues

M1mac

Check Details

Version: 2.0.0
Check: package dependencies
Result: NOTE
    Packages suggested but not available for checking: 'dggrids', 'INLA'
Flavors: r-devel-linux-x86_64-debian-clang, r-devel-linux-x86_64-debian-gcc, r-patched-linux-x86_64, r-patched-solaris-x86, r-release-linux-x86_64, r-release-macos-arm64, r-release-macos-x86_64, r-oldrel-macos-x86_64

Version: 2.0.0
Check: package dependencies
Result: NOTE
    Package suggested but not available for checking: ‘dggrids’
Flavors: r-devel-linux-x86_64-fedora-clang, r-devel-linux-x86_64-fedora-gcc

Version: 2.0.0
Check: installed package size
Result: NOTE
     installed size is 68.7Mb
     sub-directories of 1Mb or more:
     data 5.0Mb
     doc 1.6Mb
     help 1.4Mb
     libs 59.9Mb
Flavors: r-devel-linux-x86_64-fedora-clang, r-patched-solaris-x86, r-release-macos-arm64, r-release-macos-x86_64, r-oldrel-macos-x86_64

Version: 2.0.0
Flags: --no-vignettes
Check: package dependencies
Result: NOTE
    Package suggested but not available for checking: 'dggrids'
Flavors: r-devel-windows-x86_64, r-release-windows-ix86+x86_64, r-oldrel-windows-ix86+x86_64

Version: 2.0.0
Flags: --no-vignettes
Check: installed package size
Result: NOTE
     installed size is 21.4Mb
     sub-directories of 1Mb or more:
     data 4.9Mb
     doc 1.5Mb
     help 1.4Mb
     libs 12.7Mb
Flavors: r-devel-windows-x86_64, r-release-windows-ix86+x86_64, r-oldrel-windows-ix86+x86_64

Version: 2.0.0
Check: package dependencies
Result: NOTE
    Packages suggested but not available for checking:
     'dggrids', 'INLA', 'spdep'
Flavor: r-devel-windows-x86_64-gcc10-UCRT