CRAN Package Check Results for Package FREEtree

Last updated on 2022-01-18 01:52:00 CET.

Flavor Version Tinstall Tcheck Ttotal Status Flags
r-devel-linux-x86_64-debian-clang 0.1.0 30.26 306.47 336.73 OK
r-devel-linux-x86_64-debian-gcc 0.1.0 24.66 234.03 258.69 OK
r-devel-linux-x86_64-fedora-clang 0.1.0 412.44 NOTE
r-devel-linux-x86_64-fedora-gcc 0.1.0 390.10 NOTE
r-devel-windows-x86_64-new-UL 0.1.0 40.00 301.00 341.00 OK
r-devel-windows-x86_64-new-TK 0.1.0 ERROR
r-patched-linux-x86_64 0.1.0 24.91 293.34 318.25 OK
r-release-linux-x86_64 0.1.0 OK
r-release-macos-arm64 0.1.0 NOTE
r-release-macos-x86_64 0.1.0 NOTE
r-release-windows-ix86+x86_64 0.1.0 67.00 321.00 388.00 OK
r-oldrel-macos-x86_64 0.1.0 NOTE
r-oldrel-windows-ix86+x86_64 0.1.0 57.00 276.00 333.00 OK

Check Details

Version: 0.1.0
Check: dependencies in R code
Result: NOTE
    Namespace in Imports field not imported from: ‘MASS’
     All declared Imports should be used.
Flavors: r-devel-linux-x86_64-fedora-clang, r-devel-linux-x86_64-fedora-gcc, r-release-macos-arm64, r-release-macos-x86_64, r-oldrel-macos-x86_64

Version: 0.1.0
Check: package dependencies
Result: ERROR
    Package required but not available: 'glmertree'
    
    See section 'The DESCRIPTION file' in the 'Writing R Extensions'
    manual.
Flavor: r-devel-windows-x86_64-new-TK