CRAN Package Check Results for Package FKSUM

Last updated on 2022-10-01 07:07:57 CEST.

Flavor Version Tinstall Tcheck Ttotal Status Flags
r-devel-linux-x86_64-debian-clang 1.0.0 45.43 89.76 135.19 NOTE
r-devel-linux-x86_64-debian-gcc 1.0.0 39.71 66.69 106.40 NOTE
r-devel-linux-x86_64-fedora-clang 1.0.0 198.09 NOTE
r-devel-linux-x86_64-fedora-gcc 1.0.0 181.03 NOTE
r-devel-windows-x86_64 1.0.0 53.00 150.00 203.00 NOTE
r-patched-linux-x86_64 1.0.0 40.70 84.58 125.28 OK
r-release-linux-x86_64 1.0.0 47.62 86.34 133.96 OK
r-release-macos-arm64 1.0.0 52.00 OK
r-release-macos-x86_64 1.0.0 64.00 OK
r-release-windows-x86_64 1.0.0 62.00 147.00 209.00 OK
r-oldrel-macos-arm64 1.0.0 45.00 OK
r-oldrel-macos-x86_64 1.0.0 63.00 OK
r-oldrel-windows-ix86+x86_64 1.0.0 125.00 163.00 288.00 OK

Check Details

Version: 1.0.0
Check: Rd files
Result: NOTE
    checkRd: (-1) fk_regression.Rd:32: Escaped LaTeX specials: \&
Flavors: r-devel-linux-x86_64-debian-clang, r-devel-linux-x86_64-debian-gcc, r-devel-linux-x86_64-fedora-clang, r-devel-linux-x86_64-fedora-gcc, r-devel-windows-x86_64