Last updated on 2023-03-24 12:50:43 CET.
Flavor | Version | Tinstall | Tcheck | Ttotal | Status | Flags |
---|---|---|---|---|---|---|
r-devel-linux-x86_64-debian-clang | 0.3.1 | 4.33 | 64.51 | 68.84 | OK | |
r-devel-linux-x86_64-debian-gcc | 0.3.1 | 3.15 | 50.76 | 53.91 | OK | |
r-devel-linux-x86_64-fedora-clang | 0.3.1 | 85.99 | NOTE | |||
r-devel-linux-x86_64-fedora-gcc | 0.3.1 | 95.13 | NOTE | |||
r-devel-windows-x86_64 | 0.3.1 | 16.00 | 92.00 | 108.00 | OK | |
r-patched-linux-x86_64 | 0.3.1 | 3.67 | 62.89 | 66.56 | OK | |
r-release-linux-x86_64 | 0.3.1 | 3.37 | 62.57 | 65.94 | OK | |
r-release-macos-arm64 | 0.3.1 | 31.00 | NOTE | |||
r-release-macos-x86_64 | 0.3.1 | 41.00 | NOTE | |||
r-release-windows-x86_64 | 0.3.1 | 15.00 | 100.00 | 115.00 | OK | |
r-oldrel-macos-arm64 | 0.3.1 | 35.00 | NOTE | |||
r-oldrel-macos-x86_64 | 0.3.1 | 44.00 | NOTE | |||
r-oldrel-windows-ix86+x86_64 | 0.3.1 | 11.00 | 94.00 | 105.00 | OK |
Version: 0.3.1
Check: dependencies in R code
Result: NOTE
Namespace in Imports field not imported from: ‘mathjaxr’
All declared Imports should be used.
Flavors: r-devel-linux-x86_64-fedora-clang, r-devel-linux-x86_64-fedora-gcc, r-release-macos-arm64, r-release-macos-x86_64, r-oldrel-macos-arm64, r-oldrel-macos-x86_64