CRAN Package Check Results for Package FIESTAutils

Last updated on 2022-09-29 19:48:54 CEST.

Flavor Version Tinstall Tcheck Ttotal Status Flags
r-devel-linux-x86_64-debian-clang 1.1.3 52.31 121.11 173.42 OK
r-devel-linux-x86_64-debian-gcc 1.1.3 46.15 89.03 135.18 OK
r-devel-linux-x86_64-fedora-clang 1.1.3 238.80 OK
r-devel-linux-x86_64-fedora-gcc 1.1.3 222.55 OK
r-devel-windows-x86_64 1.1.3 112.00 167.00 279.00 OK
r-patched-linux-x86_64 1.1.3 57.61 111.55 169.16 OK
r-release-linux-x86_64 1.1.3 44.96 112.26 157.22 OK
r-release-macos-arm64 1.1.3 61.00 NOTE
r-release-macos-x86_64 1.1.3 75.00 NOTE
r-release-windows-x86_64 1.1.3 104.00 158.00 262.00 OK
r-oldrel-macos-arm64 1.1.3 58.00 NOTE
r-oldrel-macos-x86_64 1.1.3 74.00 NOTE
r-oldrel-windows-ix86+x86_64 1.1.3 126.00 179.00 305.00 NOTE

Check Details

Version: 1.1.3
Check: installed package size
Result: NOTE
     installed size is 6.9Mb
     sub-directories of 1Mb or more:
     data 3.1Mb
     libs 3.2Mb
Flavors: r-release-macos-arm64, r-release-macos-x86_64, r-oldrel-macos-arm64, r-oldrel-macos-x86_64, r-oldrel-windows-ix86+x86_64