CRAN Package Check Results for Package FAMoS

Last updated on 2022-09-28 12:55:17 CEST.

Flavor Version Tinstall Tcheck Ttotal Status Flags
r-devel-linux-x86_64-debian-clang 0.3.0 3.97 39.82 43.79 OK
r-devel-linux-x86_64-debian-gcc 0.3.0 3.12 30.14 33.26 OK
r-devel-linux-x86_64-fedora-clang 0.3.0 65.07 OK
r-devel-linux-x86_64-fedora-gcc 0.3.0 61.05 OK
r-devel-windows-x86_64 0.3.0 97.00 77.00 174.00 OK
r-patched-linux-x86_64 0.3.0 6.42 37.52 43.94 OK
r-release-linux-x86_64 0.3.0 4.02 37.23 41.25 OK
r-release-macos-arm64 0.3.0 24.00 OK
r-release-macos-x86_64 0.3.0 29.00 OK
r-release-windows-x86_64 0.3.0 38.00 68.00 106.00 OK
r-oldrel-macos-arm64 0.3.0 27.00 OK
r-oldrel-macos-x86_64 0.3.0 35.00 OK
r-oldrel-windows-ix86+x86_64 0.3.0 9.00 62.00 71.00 WARN

Check Details

Version: 0.3.0
Check: re-building of vignette outputs
Result: WARN
    Error(s) in re-building vignettes:
    --- re-building 'FAMoS-EvaluationFunctions.Rmd' using rmarkdown
    Error: processing vignette 'FAMoS-EvaluationFunctions.Rmd' failed with diagnostics:
    object 'preview_math' not found
    --- failed re-building 'FAMoS-EvaluationFunctions.Rmd'
    
    Warning messages:
    1: In stats::optim(par = opt.par, fn = combine.and.fit, par.names = names(parms), :
     one-dimensional optimization by Nelder-Mead is unreliable:
    use "Brent" or optimize() directly
    2: In stats::optim(par = opt.par, fn = combine.and.fit, par.names = names(parms), :
     one-dimensional optimization by Nelder-Mead is unreliable:
    use "Brent" or optimize() directly
    3: In stats::optim(par = opt.par, fn = combine.and.fit, par.names = names(parms), :
     one-dimensional optimization by Nelder-Mead is unreliable:
    use "Brent" or optimize() directly
    4: In stats::optim(par = opt.par, fn = combine.and.fit, par.names = names(parms), :
     one-dimensional optimization by Nelder-Mead is unreliable:
    use "Brent" or optimize() directly
    --- re-building 'FAMoS-Examples.Rmd' using rmarkdown
    Error: processing vignette 'FAMoS-Examples.Rmd' failed with diagnostics:
    object 'preview_math' not found
    --- failed re-building 'FAMoS-Examples.Rmd'
    
    SUMMARY: processing the following files failed:
     'FAMoS-EvaluationFunctions.Rmd' 'FAMoS-Examples.Rmd'
    
    Error: Vignette re-building failed.
    Execution halted
Flavor: r-oldrel-windows-ix86+x86_64