CRAN Package Check Results for Package FAMT

Last updated on 2024-02-21 12:52:59 CET.

Flavor Version Tinstall Tcheck Ttotal Status Flags
r-devel-linux-x86_64-debian-clang 2.6 NOTE
r-devel-linux-x86_64-debian-gcc 2.6 2.95 35.08 38.03 NOTE
r-devel-linux-x86_64-fedora-clang 2.6 OK
r-devel-linux-x86_64-fedora-gcc 2.6 59.51 OK
r-devel-windows-x86_64 2.6 3.00 57.00 60.00 OK
r-patched-linux-x86_64 2.6 4.68 45.70 50.38 OK
r-release-linux-x86_64 2.6 4.03 44.93 48.96 OK
r-release-macos-arm64 2.6 26.00 OK
r-release-macos-x86_64 2.6 47.00 OK
r-release-windows-x86_64 2.6 5.00 61.00 66.00 OK
r-oldrel-macos-arm64 2.6 26.00 OK
r-oldrel-windows-x86_64 2.6 18.00 71.00 89.00 OK

Check Details

Version: 2.6
Check: Rd files
Result: NOTE checkRd: (-1) pi0FAMT.Rd:18: Lost braces 18 | \code{pi0}{The estimated proportion \code{pi0} of null hypotheses.}} | ^ Flavors: r-devel-linux-x86_64-debian-clang, r-devel-linux-x86_64-debian-gcc