Last updated on 2023-01-29 12:55:27 CET.
Flavor | Version | Tinstall | Tcheck | Ttotal | Status | Flags |
---|---|---|---|---|---|---|
r-devel-linux-x86_64-debian-clang | 0.0.4 | 16.56 | 113.59 | 130.15 | NOTE | |
r-devel-linux-x86_64-debian-gcc | 0.0.4 | 11.89 | 86.78 | 98.67 | NOTE | |
r-devel-linux-x86_64-fedora-clang | 0.0.4 | 161.39 | NOTE | |||
r-devel-linux-x86_64-fedora-gcc | 0.0.4 | 156.24 | NOTE | |||
r-devel-windows-x86_64 | 0.0.4 | 41.00 | 151.00 | 192.00 | NOTE | |
r-patched-linux-x86_64 | 0.0.4 | 18.53 | 110.62 | 129.15 | OK | |
r-release-linux-x86_64 | 0.0.4 | 17.04 | 112.90 | 129.94 | OK | |
r-release-macos-arm64 | 0.0.4 | 60.00 | OK | |||
r-release-macos-x86_64 | 0.0.4 | 84.00 | OK | |||
r-release-windows-x86_64 | 0.0.4 | 36.00 | 146.00 | 182.00 | OK | |
r-oldrel-macos-arm64 | 0.0.4 | 69.00 | OK | |||
r-oldrel-macos-x86_64 | 0.0.4 | 104.00 | OK | |||
r-oldrel-windows-ix86+x86_64 | 0.0.4 | 29.00 | 133.00 | 162.00 | OK |
Version: 0.0.4
Check: Rd files
Result: NOTE
checkRd: (-1) sp500.Rd:5: Escaped LaTeX specials: \&
Flavors: r-devel-linux-x86_64-debian-clang, r-devel-linux-x86_64-debian-gcc, r-devel-linux-x86_64-fedora-clang, r-devel-linux-x86_64-fedora-gcc, r-devel-windows-x86_64