CRAN Package Check Results for Package ExtractTrainData

Last updated on 2021-06-21 07:48:42 CEST.

Flavor Version Tinstall Tcheck Ttotal Status Flags
r-devel-linux-x86_64-debian-clang 9.1.5 8.92 92.06 100.98 NOTE
r-devel-linux-x86_64-debian-gcc 9.1.5 7.42 71.89 79.31 NOTE
r-devel-linux-x86_64-fedora-clang 9.1.5 129.82 NOTE
r-devel-linux-x86_64-fedora-gcc 9.1.5 119.38 NOTE
r-devel-windows-x86_64 9.1.5 12.00 102.00 114.00 NOTE
r-devel-windows-x86_64-gcc10-UCRT 9.1.5 NOTE
r-patched-linux-x86_64 9.1.5 8.29 90.07 98.36 NOTE
r-patched-solaris-x86 9.1.5 181.60 NOTE
r-release-linux-x86_64 9.1.5 8.56 89.70 98.26 NOTE
r-release-macos-arm64 9.1.5 NOTE
r-release-macos-x86_64 9.1.5 NOTE
r-release-windows-ix86+x86_64 9.1.5 21.00 107.00 128.00 NOTE
r-oldrel-macos-x86_64 9.1.5 OK

Check Details

Version: 9.1.5
Check: LazyData
Result: NOTE
     'LazyData' is specified without a 'data' directory
Flavors: r-devel-linux-x86_64-debian-clang, r-devel-linux-x86_64-debian-gcc, r-devel-linux-x86_64-fedora-clang, r-devel-linux-x86_64-fedora-gcc, r-devel-windows-x86_64, r-devel-windows-x86_64-gcc10-UCRT, r-patched-linux-x86_64, r-patched-solaris-x86, r-release-linux-x86_64, r-release-macos-arm64, r-release-macos-x86_64, r-release-windows-ix86+x86_64