Last updated on 2023-02-08 21:56:39 CET.
Flavor | Version | Tinstall | Tcheck | Ttotal | Status | Flags |
---|---|---|---|---|---|---|
r-devel-linux-x86_64-debian-clang | 9.1.5 | 31.61 | 264.47 | 296.08 | NOTE | |
r-devel-linux-x86_64-debian-gcc | 9.1.5 | 19.58 | 193.76 | 213.34 | NOTE | |
r-devel-linux-x86_64-fedora-clang | 9.1.5 | 365.78 | NOTE | |||
r-devel-linux-x86_64-fedora-gcc | 9.1.5 | 353.05 | NOTE | |||
r-devel-windows-x86_64 | 9.1.5 | 34.00 | 264.00 | 298.00 | NOTE | |
r-patched-linux-x86_64 | 9.1.5 | 24.41 | 255.23 | 279.64 | NOTE | |
r-release-linux-x86_64 | 9.1.5 | 29.06 | 255.01 | 284.07 | NOTE | |
r-release-macos-arm64 | 9.1.5 | 66.00 | NOTE | |||
r-release-macos-x86_64 | 9.1.5 | 105.00 | NOTE | |||
r-release-windows-x86_64 | 9.1.5 | 46.00 | 279.00 | 325.00 | NOTE | |
r-oldrel-macos-arm64 | 9.1.5 | 42.00 | NOTE | |||
r-oldrel-macos-x86_64 | 9.1.5 | 73.00 | NOTE | |||
r-oldrel-windows-ix86+x86_64 | 9.1.5 | 63.00 | 265.00 | 328.00 | NOTE |
Version: 9.1.5
Check: LazyData
Result: NOTE
'LazyData' is specified without a 'data' directory
Flavors: r-devel-linux-x86_64-debian-clang, r-devel-linux-x86_64-debian-gcc, r-devel-linux-x86_64-fedora-clang, r-devel-linux-x86_64-fedora-gcc, r-devel-windows-x86_64, r-patched-linux-x86_64, r-release-linux-x86_64, r-release-macos-arm64, r-release-macos-x86_64, r-release-windows-x86_64, r-oldrel-macos-arm64, r-oldrel-macos-x86_64, r-oldrel-windows-ix86+x86_64