CRAN Package Check Results for Package EventStudy

Last updated on 2022-09-27 07:50:42 CEST.

Flavor Version Tinstall Tcheck Ttotal Status Flags
r-devel-linux-x86_64-debian-clang 0.39 16.98 87.47 104.45 OK
r-devel-linux-x86_64-debian-gcc 0.39 14.83 64.42 79.25 OK
r-devel-linux-x86_64-fedora-clang 0.39 139.47 NOTE
r-devel-linux-x86_64-fedora-gcc 0.39 133.08 NOTE
r-devel-windows-x86_64 0.39 50.00 132.00 182.00 NOTE
r-patched-linux-x86_64 0.39 16.59 79.87 96.46 OK
r-release-linux-x86_64 0.39 15.87 79.95 95.82 OK
r-release-macos-arm64 0.39 43.00 NOTE
r-release-macos-x86_64 0.39 58.00 NOTE
r-release-windows-x86_64 0.39 51.00 120.00 171.00 NOTE
r-oldrel-macos-arm64 0.39 47.00 NOTE
r-oldrel-macos-x86_64 0.39 64.00 NOTE
r-oldrel-windows-ix86+x86_64 0.39 36.00 120.00 156.00 NOTE

Check Details

Version: 0.39
Check: installed package size
Result: NOTE
     installed size is 7.0Mb
     sub-directories of 1Mb or more:
     doc 6.0Mb
Flavors: r-devel-linux-x86_64-fedora-clang, r-devel-windows-x86_64, r-release-macos-arm64, r-release-macos-x86_64, r-release-windows-x86_64, r-oldrel-macos-arm64, r-oldrel-macos-x86_64, r-oldrel-windows-ix86+x86_64

Version: 0.39
Check: dependencies in R code
Result: NOTE
    Namespaces in Imports field not imported from:
     ‘RColorBrewer’ ‘curl’ ‘scales’ ‘stringr’ ‘tidyquant’
     All declared Imports should be used.
Flavors: r-devel-linux-x86_64-fedora-clang, r-devel-linux-x86_64-fedora-gcc, r-release-macos-arm64, r-release-macos-x86_64, r-oldrel-macos-arm64, r-oldrel-macos-x86_64

Version: 0.39
Check: Rd cross-references
Result: NOTE
    Undeclared package ‘R6’ in Rd xrefs
Flavor: r-devel-linux-x86_64-fedora-clang