CRAN Package Check Results for Package EstimationTools

Last updated on 2021-10-22 20:48:59 CEST.

Flavor Version Tinstall Tcheck Ttotal Status Flags
r-devel-linux-x86_64-debian-clang 2.1.0 9.69 241.04 250.73 OK
r-devel-linux-x86_64-debian-gcc 2.1.0 7.65 197.44 205.09 OK
r-devel-linux-x86_64-fedora-clang 2.1.0 310.88 NOTE
r-devel-linux-x86_64-fedora-gcc 2.1.0 299.01 NOTE
r-devel-windows-x86_64 2.1.0 15.00 326.00 341.00 OK
r-devel-windows-x86_64-gcc10-UCRT 2.1.0 NOTE
r-patched-linux-x86_64 2.1.0 16.29 258.88 275.17 OK
r-patched-solaris-x86 2.1.0 397.20 NOTE
r-release-linux-x86_64 2.1.0 7.91 252.32 260.23 OK
r-release-macos-arm64 2.1.0 NOTE
r-release-macos-x86_64 2.1.0 NOTE
r-release-windows-ix86+x86_64 2.1.0 17.00 328.00 345.00 OK
r-oldrel-macos-x86_64 2.1.0 NOTE
r-oldrel-windows-ix86+x86_64 2.1.0 22.00 352.00 374.00 OK

Check Details

Version: 2.1.0
Check: dependencies in R code
Result: NOTE
    Namespace in Imports field not imported from: ‘matrixStats’
     All declared Imports should be used.
Flavors: r-devel-linux-x86_64-fedora-clang, r-devel-linux-x86_64-fedora-gcc, r-devel-windows-x86_64-gcc10-UCRT, r-patched-solaris-x86, r-release-macos-arm64, r-release-macos-x86_64, r-oldrel-macos-x86_64