CRAN Package Check Results for Package EstHer

Last updated on 2022-09-30 12:55:08 CEST.

Flavor Version Tinstall Tcheck Ttotal Status Flags
r-devel-linux-x86_64-debian-clang 1.0 35.32 85.86 121.18 OK
r-devel-linux-x86_64-debian-gcc 1.0 26.17 64.52 90.69 OK
r-devel-linux-x86_64-fedora-clang 1.0 175.19 NOTE
r-devel-linux-x86_64-fedora-gcc 1.0 159.62 NOTE
r-devel-windows-x86_64 1.0 30.00 129.00 159.00 OK
r-patched-linux-x86_64 1.0 31.63 81.52 113.15 OK
r-release-linux-x86_64 1.0 30.35 82.94 113.29 OK
r-release-macos-arm64 1.0 44.00 OK
r-release-macos-x86_64 1.0 59.00 OK
r-release-windows-x86_64 1.0 31.00 135.00 166.00 OK
r-oldrel-macos-arm64 1.0 54.00 OK
r-oldrel-macos-x86_64 1.0 62.00 OK
r-oldrel-windows-ix86+x86_64 1.0 83.00 152.00 235.00 OK

Check Details

Version: 1.0
Check: compiled code
Result: NOTE
    File ‘EstHer/libs/EstHer.so’:
     Found no calls to: ‘R_registerRoutines’, ‘R_useDynamicSymbols’
    
    It is good practice to register native routines and to disable symbol
    search.
    
    See ‘Writing portable packages’ in the ‘Writing R Extensions’ manual.
Flavors: r-devel-linux-x86_64-fedora-clang, r-devel-linux-x86_64-fedora-gcc