CRAN Package Check Results for Package EpistemicGameTheory

Last updated on 2024-03-01 06:52:40 CET.

Flavor Version Tinstall Tcheck Ttotal Status Flags
r-devel-linux-x86_64-debian-clang 0.1.2 2.37 25.07 27.44 NOTE
r-devel-linux-x86_64-debian-gcc 0.1.2 2.71 19.25 21.96 NOTE
r-devel-linux-x86_64-fedora-clang 0.1.2 36.62 NOTE
r-devel-linux-x86_64-fedora-gcc 0.1.2 34.68 NOTE
r-devel-windows-x86_64 0.1.2 3.00 41.00 44.00 NOTE
r-patched-linux-x86_64 0.1.2 2.79 24.35 27.14 NOTE
r-release-linux-x86_64 0.1.2 2.51 24.86 27.37 NOTE
r-release-macos-arm64 0.1.2 16.00 NOTE
r-release-macos-x86_64 0.1.2 22.00 NOTE
r-release-windows-x86_64 0.1.2 3.00 40.00 43.00 NOTE
r-oldrel-macos-arm64 0.1.2 18.00 NOTE
r-oldrel-windows-x86_64 0.1.2 6.00 45.00 51.00 NOTE

Check Details

Version: 0.1.2
Check: LazyData
Result: NOTE 'LazyData' is specified without a 'data' directory Flavors: r-devel-linux-x86_64-debian-clang, r-devel-linux-x86_64-debian-gcc, r-devel-linux-x86_64-fedora-clang, r-devel-linux-x86_64-fedora-gcc, r-devel-windows-x86_64, r-patched-linux-x86_64, r-release-linux-x86_64, r-release-macos-arm64, r-release-macos-x86_64, r-release-windows-x86_64, r-oldrel-macos-arm64, r-oldrel-windows-x86_64