CRAN Package Check Results for Package EntropyEstimation

Last updated on 2021-10-21 07:49:53 CEST.

Flavor Version Tinstall Tcheck Ttotal Status Flags
r-devel-linux-x86_64-debian-clang 1.2 3.08 20.07 23.15 OK
r-devel-linux-x86_64-debian-gcc 1.2 2.76 16.47 19.23 OK
r-devel-linux-x86_64-fedora-clang 1.2 41.03 NOTE
r-devel-linux-x86_64-fedora-gcc 1.2 29.21 NOTE
r-devel-windows-x86_64 1.2 6.00 35.00 41.00 OK
r-devel-windows-x86_64-gcc10-UCRT 1.2 OK
r-patched-linux-x86_64 1.2 3.21 20.02 23.23 OK
r-patched-solaris-x86 1.2 46.00 OK
r-release-linux-x86_64 1.2 2.97 19.54 22.51 OK
r-release-macos-arm64 1.2 OK
r-release-macos-x86_64 1.2 OK
r-release-windows-ix86+x86_64 1.2 12.00 40.00 52.00 OK
r-oldrel-macos-x86_64 1.2 OK
r-oldrel-windows-ix86+x86_64 1.2 7.00 41.00 48.00 OK

Check Details

Version: 1.2
Check: compiled code
Result: NOTE
    File ‘EntropyEstimation/libs/EntropyEstimation.so’:
     Found no calls to: ‘R_registerRoutines’, ‘R_useDynamicSymbols’
    
    It is good practice to register native routines and to disable symbol
    search.
    
    See ‘Writing portable packages’ in the ‘Writing R Extensions’ manual.
Flavors: r-devel-linux-x86_64-fedora-clang, r-devel-linux-x86_64-fedora-gcc