CRAN Package Check Results for Package EnrichIntersect

Last updated on 2024-06-19 12:27:08 CEST.

Flavor Version Tinstall Tcheck Ttotal Status Flags
r-devel-linux-x86_64-debian-clang 0.7 6.81 231.51 238.32 OK
r-devel-linux-x86_64-debian-gcc 0.7 5.16 153.29 158.45 OK
r-devel-linux-x86_64-fedora-clang 0.7 285.68 OK
r-devel-linux-x86_64-fedora-gcc 0.7 297.15 OK
r-devel-windows-x86_64 0.7 10.00 140.00 150.00 OK
r-patched-linux-x86_64 0.7 8.21 224.16 232.37 OK
r-release-linux-x86_64 0.7 7.90 222.96 230.86 OK
r-release-macos-arm64 0.7 60.00 OK
r-release-macos-x86_64 0.7 110.00 OK
r-release-windows-x86_64 0.7 7.00 42.00 49.00 ERROR
r-oldrel-macos-arm64 0.7 73.00 OK
r-oldrel-macos-x86_64 0.7 147.00 OK
r-oldrel-windows-x86_64 0.7 10.00 187.00 197.00 OK

Check Details

Version: 0.7
Check: examples
Result: ERROR Running examples in 'EnrichIntersect-Ex.R' failed The error occurred in: Flavor: r-release-windows-x86_64

Version: 0.7
Check: re-building of vignette outputs
Result: ERROR Error(s) in re-building vignettes: --- re-building 'EnrichIntersect.Rmd' using rmarkdown Flavor: r-release-windows-x86_64

Version: 0.7
Check: PDF version of manual
Result: WARN LaTeX errors when creating PDF version. This typically indicates Rd problems. Flavor: r-release-windows-x86_64

Version: 0.7
Check: PDF version of manual without index
Result: ERROR Re-running with no redirection of stdout/stderr. Flavor: r-release-windows-x86_64