CRAN Package Check Results for Package EloChoice

Last updated on 2023-12-03 00:56:41 CET.

Flavor Version Tinstall Tcheck Ttotal Status Flags
r-devel-linux-x86_64-debian-clang 0.29.4 33.10 107.03 140.13 OK
r-devel-linux-x86_64-debian-gcc 0.29.4 24.36 93.40 117.76 OK
r-devel-linux-x86_64-fedora-clang 0.29.4 186.19 NOTE
r-devel-linux-x86_64-fedora-gcc 0.29.4 203.68 OK
r-devel-windows-x86_64 0.29.4 28.00 134.00 162.00 NOTE
r-patched-linux-x86_64 0.29.4 28.11 163.45 191.56 OK
r-release-linux-x86_64 0.29.4 31.10 110.13 141.23 OK
r-release-macos-arm64 0.29.4 79.00 OK
r-release-macos-x86_64 0.29.4 129.00 OK
r-release-windows-x86_64 0.29.4 34.00 155.00 189.00 NOTE
r-oldrel-macos-arm64 0.29.4 74.00 OK
r-oldrel-macos-x86_64 0.29.4 86.00 OK
r-oldrel-windows-x86_64 0.29.4 35.00 152.00 187.00 OK

Check Details

Version: 0.29.4
Check: Rd cross-references
Result: NOTE Undeclared package ‘EloRating’ in Rd xrefs Flavor: r-devel-linux-x86_64-fedora-clang

Version: 0.29.4
Check: C++ specification
Result: NOTE Specified C++11: please drop specification unless essential Flavors: r-devel-windows-x86_64, r-release-windows-x86_64