CRAN Package Check Results for Package EloChoice

Last updated on 2022-11-30 12:54:30 CET.

Flavor Version Tinstall Tcheck Ttotal Status Flags
r-devel-linux-x86_64-debian-clang 0.29.4 31.97 111.04 143.01 OK
r-devel-linux-x86_64-debian-gcc 0.29.4 25.31 91.57 116.88 OK
r-devel-linux-x86_64-fedora-clang 0.29.4 200.78 NOTE
r-devel-linux-x86_64-fedora-gcc 0.29.4 205.82 OK
r-devel-windows-x86_64 0.29.4 38.00 172.00 210.00 OK
r-patched-linux-x86_64 0.29.4 27.15 106.07 133.22 OK
r-release-linux-x86_64 0.29.4 28.34 111.27 139.61 OK
r-release-macos-arm64 0.29.4 71.00 OK
r-release-macos-x86_64 0.29.4 86.00 OK
r-release-windows-x86_64 0.29.4 45.00 170.00 215.00 OK
r-oldrel-macos-arm64 0.29.4 93.00 OK
r-oldrel-macos-x86_64 0.29.4 130.00 OK
r-oldrel-windows-ix86+x86_64 0.29.4 83.00 198.00 281.00 OK

Check Details

Version: 0.29.4
Check: Rd cross-references
Result: NOTE
    Undeclared package ‘EloRating’ in Rd xrefs
Flavor: r-devel-linux-x86_64-fedora-clang