CRAN Package Check Results for Package Ecume

Last updated on 2022-09-29 00:52:47 CEST.

Flavor Version Tinstall Tcheck Ttotal Status Flags
r-devel-linux-x86_64-debian-clang 0.9.1 20.65 287.61 308.26 NOTE
r-devel-linux-x86_64-debian-gcc 0.9.1 16.59 208.61 225.20 NOTE
r-devel-linux-x86_64-fedora-clang 0.9.1 376.04 NOTE
r-devel-linux-x86_64-fedora-gcc 0.9.1 355.52 NOTE
r-devel-windows-x86_64 0.9.1 23.00 437.00 460.00 NOTE
r-patched-linux-x86_64 0.9.1 20.92 362.61 383.53 NOTE
r-release-linux-x86_64 0.9.1 14.12 355.73 369.85 NOTE
r-release-macos-arm64 0.9.1 140.00 NOTE
r-release-macos-x86_64 0.9.1 236.00 NOTE
r-release-windows-x86_64 0.9.1 23.00 315.00 338.00 NOTE
r-oldrel-macos-arm64 0.9.1 157.00 NOTE
r-oldrel-macos-x86_64 0.9.1 273.00 NOTE
r-oldrel-windows-ix86+x86_64 0.9.1 44.00 295.00 339.00 NOTE

Check Details

Version: 0.9.1
Check: LazyData
Result: NOTE
     'LazyData' is specified without a 'data' directory
Flavors: r-devel-linux-x86_64-debian-clang, r-devel-linux-x86_64-debian-gcc, r-devel-linux-x86_64-fedora-clang, r-devel-linux-x86_64-fedora-gcc, r-devel-windows-x86_64, r-patched-linux-x86_64, r-release-linux-x86_64, r-release-macos-arm64, r-release-macos-x86_64, r-release-windows-x86_64, r-oldrel-macos-arm64, r-oldrel-macos-x86_64, r-oldrel-windows-ix86+x86_64