CRAN Package Check Results for Package ERSA

Last updated on 2022-10-02 21:53:40 CEST.

Flavor Version Tinstall Tcheck Ttotal Status Flags
r-devel-linux-x86_64-debian-clang 0.1.3 9.51 86.33 95.84 NOTE
r-devel-linux-x86_64-debian-gcc 0.1.3 6.26 62.74 69.00 NOTE
r-devel-linux-x86_64-fedora-clang 0.1.3 124.39 NOTE
r-devel-linux-x86_64-fedora-gcc 0.1.3 117.19 NOTE
r-devel-windows-x86_64 0.1.3 19.00 109.00 128.00 NOTE
r-patched-linux-x86_64 0.1.3 8.71 78.95 87.66 NOTE
r-release-linux-x86_64 0.1.3 9.39 78.05 87.44 NOTE
r-release-macos-arm64 0.1.3 37.00 NOTE
r-release-macos-x86_64 0.1.3 59.00 NOTE
r-release-windows-x86_64 0.1.3 18.00 113.00 131.00 NOTE
r-oldrel-macos-arm64 0.1.3 48.00 NOTE
r-oldrel-macos-x86_64 0.1.3 58.00 NOTE
r-oldrel-windows-ix86+x86_64 0.1.3 21.00 106.00 127.00 NOTE

Check Details

Version: 0.1.3
Check: LazyData
Result: NOTE
     'LazyData' is specified without a 'data' directory
Flavors: r-devel-linux-x86_64-debian-clang, r-devel-linux-x86_64-debian-gcc, r-devel-linux-x86_64-fedora-clang, r-devel-linux-x86_64-fedora-gcc, r-devel-windows-x86_64, r-patched-linux-x86_64, r-release-linux-x86_64, r-release-macos-arm64, r-release-macos-x86_64, r-release-windows-x86_64, r-oldrel-macos-arm64, r-oldrel-macos-x86_64, r-oldrel-windows-ix86+x86_64