Last updated on 2023-03-30 06:53:13 CEST.
Flavor | Version | Tinstall | Tcheck | Ttotal | Status | Flags |
---|---|---|---|---|---|---|
r-devel-linux-x86_64-debian-clang | 0.1.0 | 11.41 | 108.76 | 120.17 | NOTE | |
r-devel-linux-x86_64-debian-gcc | 0.1.0 | 9.57 | 80.89 | 90.46 | NOTE | |
r-devel-linux-x86_64-fedora-clang | 0.1.0 | 146.21 | NOTE | |||
r-devel-linux-x86_64-fedora-gcc | 0.1.0 | 139.68 | NOTE | |||
r-devel-windows-x86_64 | 0.1.0 | 26.00 | 0.00 | 26.00 | NOTE | |
r-patched-linux-x86_64 | 0.1.0 | 9.08 | 101.91 | 110.99 | NOTE | |
r-release-linux-x86_64 | 0.1.0 | 11.32 | 103.52 | 114.84 | NOTE | |
r-release-macos-arm64 | 0.1.0 | 43.00 | NOTE | |||
r-release-macos-x86_64 | 0.1.0 | 79.00 | NOTE | |||
r-release-windows-x86_64 | 0.1.0 | 18.00 | 136.00 | 154.00 | NOTE | |
r-oldrel-macos-arm64 | 0.1.0 | 64.00 | NOTE | |||
r-oldrel-macos-x86_64 | 0.1.0 | 108.00 | NOTE | |||
r-oldrel-windows-ix86+x86_64 | 0.1.0 | 29.00 | 131.00 | 160.00 | NOTE |
Version: 0.1.0
Check: LazyData
Result: NOTE
'LazyData' is specified without a 'data' directory
Flavors: r-devel-linux-x86_64-debian-clang, r-devel-linux-x86_64-debian-gcc, r-devel-linux-x86_64-fedora-clang, r-devel-linux-x86_64-fedora-gcc, r-devel-windows-x86_64, r-patched-linux-x86_64, r-release-linux-x86_64, r-release-macos-arm64, r-release-macos-x86_64, r-release-windows-x86_64, r-oldrel-macos-arm64, r-oldrel-macos-x86_64, r-oldrel-windows-ix86+x86_64
Version: 0.1.0
Check: R code for possible problems
Result: NOTE
Initiating curl with CURL_SSL_BACKEND: openssl
Flavor: r-oldrel-windows-ix86+x86_64