CRAN Package Check Results for Package EIAdata

Last updated on 2021-11-26 19:52:49 CET.

Flavor Version Tinstall Tcheck Ttotal Status Flags
r-devel-linux-x86_64-debian-clang 0.1.1 3.71 31.89 35.60 OK
r-devel-linux-x86_64-debian-gcc 0.1.1 2.86 25.15 28.01 OK
r-devel-linux-x86_64-fedora-clang 0.1.1 53.24 OK
r-devel-linux-x86_64-fedora-gcc 0.1.1 42.52 OK
r-devel-windows-x86_64-new-UL 0.1.1 7.00 66.00 73.00 OK
r-devel-windows-x86_64-new-TK 0.1.1 OK
r-devel-windows-x86_64-old 0.1.1 4.00 58.00 62.00 ERROR
r-patched-linux-x86_64 0.1.1 3.20 30.41 33.61 OK
r-patched-solaris-x86 0.1.1 66.60 OK
r-release-linux-x86_64 0.1.1 OK
r-release-macos-arm64 0.1.1 OK
r-release-macos-x86_64 0.1.1 OK
r-release-windows-ix86+x86_64 0.1.1 7.00 40.00 47.00 ERROR
r-oldrel-macos-x86_64 0.1.1 OK
r-oldrel-windows-ix86+x86_64 0.1.1 6.00 57.00 63.00 ERROR

Check Details

Version: 0.1.1
Check: examples
Result: ERROR
    Running examples in 'EIAdata-Ex.R' failed
    The error most likely occurred in:
    
    > ### Name: EIAdata-package
    > ### Title: R wrapper for the US Energy Information Administration's (EIA's)
    > ### API.
    > ### Aliases: EIAdata-package EIAdata
    > ### Keywords: EIAdata
    >
    > ### ** Examples
    >
    > # The function wngsr will return a list object containing the time
    > # the report was run, and the contents of the US EIA's Weekly
    > # Natural Gas Storage Report. The function has no arguments,
    > # so simply run:
    >
    > wngsr()
    Warning in file(file, "rt") :
     URL 'https://ir.eia.gov/ngs/wngsr.csv': status was 'SSL connect error'
    Error in file(file, "rt") :
     cannot open the connection to 'http://ir.eia.gov/ngs/wngsr.csv'
    Calls: wngsr -> <Anonymous> -> read.table -> file
    Execution halted
Flavor: r-devel-windows-x86_64-old

Version: 0.1.1
Check: examples
Result: ERROR
    Running examples in 'EIAdata-Ex.R' failed
    The error most likely occurred in:
    
    > ### Name: EIAdata-package
    > ### Title: R wrapper for the US Energy Information Administration's (EIA's)
    > ### API.
    > ### Aliases: EIAdata-package EIAdata
    > ### Keywords: EIAdata
    >
    > ### ** Examples
    >
    > # The function wngsr will return a list object containing the time
    > # the report was run, and the contents of the US EIA's Weekly
    > # Natural Gas Storage Report. The function has no arguments,
    > # so simply run:
    >
    > wngsr()
    Warning in file(file, "rt") :
     InternetOpenUrl failed: 'Die Serververbindung konnte nicht hergestellt werden.'
    Error in file(file, "rt") : cannot open the connection
    Calls: wngsr -> <Anonymous> -> read.table -> file
    Execution halted
Flavors: r-release-windows-ix86+x86_64, r-oldrel-windows-ix86+x86_64