CRAN Package Check Results for Package EGRETci

Last updated on 2021-11-26 19:52:49 CET.

Flavor Version Tinstall Tcheck Ttotal Status Flags
r-devel-linux-x86_64-debian-clang 2.0.4 5.20 47.79 52.99 OK
r-devel-linux-x86_64-debian-gcc 2.0.4 4.81 37.62 42.43 OK
r-devel-linux-x86_64-fedora-clang 2.0.4 75.75 OK
r-devel-linux-x86_64-fedora-gcc 2.0.4 64.14 OK
r-devel-windows-x86_64-new-UL 2.0.4 15.00 96.00 111.00 OK
r-devel-windows-x86_64-new-TK 2.0.4 OK
r-devel-windows-x86_64-old 2.0.4 8.00 62.00 70.00 OK
r-patched-linux-x86_64 2.0.4 13.91 47.25 61.16 OK
r-patched-solaris-x86 2.0.4 88.20 OK
r-release-linux-x86_64 2.0.4 OK
r-release-macos-arm64 2.0.4 ERROR
r-release-macos-x86_64 2.0.4 OK
r-release-windows-ix86+x86_64 2.0.4 11.00 70.00 81.00 OK
r-oldrel-macos-x86_64 2.0.4 OK
r-oldrel-windows-ix86+x86_64 2.0.4 15.00 73.00 88.00 OK

Check Details

Version: 2.0.4
Check: tests
Result: ERROR
     Running ‘testthat.R’ [1s/1s]
    Running the tests in ‘tests/testthat.R’ failed.
    Last 13 lines of output:
     > library(testthat)
     > library(EGRETci)
     > test_check("EGRETci")
     ══ Skipped tests ═══════════════════════════════════════════════════════════════
     • On CRAN (10)
    
     ══ Failed tests ════════════════════════════════════════════════════════════════
     ── Failure (tests_boot_tests.R:112:3): paVector ────────────────────────────────
     `paIndexWinter` not equal to 11:13.
     Lengths differ: 4 is not 3
    
     [ FAIL 1 | WARN 0 | SKIP 10 | PASS 16 ]
     Error: Test failures
     Execution halted
Flavor: r-release-macos-arm64