Last updated on 2023-02-08 21:56:38 CET.
Flavor | Version | Tinstall | Tcheck | Ttotal | Status | Flags |
---|---|---|---|---|---|---|
r-devel-linux-x86_64-debian-clang | 1.0.3 | 10.81 | 90.44 | 101.25 | NOTE | |
r-devel-linux-x86_64-debian-gcc | 1.0.3 | 8.96 | 68.38 | 77.34 | NOTE | |
r-devel-linux-x86_64-fedora-clang | 1.0.3 | 138.59 | NOTE | |||
r-devel-linux-x86_64-fedora-gcc | 1.0.3 | 123.58 | NOTE | |||
r-devel-windows-x86_64 | 1.0.3 | 19.00 | 115.00 | 134.00 | OK | |
r-patched-linux-x86_64 | 1.0.3 | 15.88 | 88.03 | 103.91 | NOTE | |
r-release-linux-x86_64 | 1.0.3 | 9.53 | 87.69 | 97.22 | NOTE | |
r-release-macos-arm64 | 1.0.3 | 34.00 | OK | |||
r-release-macos-x86_64 | 1.0.3 | 66.00 | OK | |||
r-release-windows-x86_64 | 1.0.3 | 16.00 | 123.00 | 139.00 | OK | |
r-oldrel-macos-arm64 | 1.0.3 | 40.00 | OK | |||
r-oldrel-macos-x86_64 | 1.0.3 | 56.00 | OK | |||
r-oldrel-windows-ix86+x86_64 | 1.0.3 | 23.00 | 111.00 | 134.00 | OK |
Version: 1.0.3
Check: for non-standard things in the check directory
Result: NOTE
Found the following files/directories:
‘eval_test_LG_ROC.pdf’ ‘test.pdf’
Flavors: r-devel-linux-x86_64-debian-clang, r-devel-linux-x86_64-debian-gcc, r-devel-linux-x86_64-fedora-clang, r-devel-linux-x86_64-fedora-gcc, r-patched-linux-x86_64, r-release-linux-x86_64