CRAN Package Check Results for Package EFAtools

Last updated on 2021-09-23 22:55:52 CEST.

Flavor Version Tinstall Tcheck Ttotal Status Flags
r-devel-linux-x86_64-debian-clang 0.3.1 105.49 546.26 651.75 OK
r-devel-linux-x86_64-debian-gcc 0.3.1 64.60 462.44 527.04 OK
r-devel-linux-x86_64-fedora-clang 0.3.1 664.28 NOTE
r-devel-linux-x86_64-fedora-gcc 0.3.1 733.54 NOTE
r-devel-windows-x86_64 0.3.1 90.00 354.00 444.00 OK
r-devel-windows-x86_64-gcc10-UCRT 0.3.1 NOTE
r-patched-linux-x86_64 0.3.1 78.91 501.84 580.75 OK
r-patched-solaris-x86 0.3.1 549.20 NOTE
r-release-linux-x86_64 0.3.1 63.79 478.56 542.35 OK
r-release-macos-arm64 0.3.1 NOTE
r-release-macos-x86_64 0.3.1 NOTE
r-release-windows-ix86+x86_64 0.3.1 222.00 672.00 894.00 OK
r-oldrel-macos-x86_64 0.3.1 NOTE
r-oldrel-windows-ix86+x86_64 0.3.1 169.00 522.00 691.00 OK

Check Details

Version: 0.3.1
Check: installed package size
Result: NOTE
     installed size is 5.2Mb
     sub-directories of 1Mb or more:
     doc 1.0Mb
     libs 3.2Mb
Flavors: r-devel-linux-x86_64-fedora-clang, r-release-macos-arm64, r-release-macos-x86_64, r-oldrel-macos-x86_64

Version: 0.3.1
Check: dependencies in R code
Result: NOTE
    Namespace in Imports field not imported from: ‘progress’
     All declared Imports should be used.
Flavors: r-devel-linux-x86_64-fedora-clang, r-devel-linux-x86_64-fedora-gcc, r-devel-windows-x86_64-gcc10-UCRT, r-patched-solaris-x86, r-release-macos-arm64, r-release-macos-x86_64, r-oldrel-macos-x86_64