CRAN Package Check Results for Package ECctmc

Last updated on 2022-10-06 01:49:46 CEST.

Flavor Version Tinstall Tcheck Ttotal Status Flags
r-devel-linux-x86_64-debian-clang 0.2.5 37.04 32.85 69.89 NOTE
r-devel-linux-x86_64-debian-gcc 0.2.5 29.56 25.82 55.38 NOTE
r-devel-linux-x86_64-fedora-clang 0.2.5 109.02 NOTE
r-devel-linux-x86_64-fedora-gcc 0.2.5 101.08 NOTE
r-devel-windows-x86_64 0.2.5 37.00 81.00 118.00 NOTE
r-patched-linux-x86_64 0.2.5 30.12 32.20 62.32 NOTE
r-release-linux-x86_64 0.2.5 32.71 31.51 64.22 NOTE
r-release-macos-arm64 0.2.5 31.00 NOTE
r-release-macos-x86_64 0.2.5 41.00 NOTE
r-release-windows-x86_64 0.2.5 39.00 82.00 121.00 NOTE
r-oldrel-macos-arm64 0.2.5 33.00 NOTE
r-oldrel-macos-x86_64 0.2.5 56.00 NOTE
r-oldrel-windows-ix86+x86_64 0.2.5 91.00 83.00 174.00 NOTE

Check Details

Version: 0.2.5
Check: LazyData
Result: NOTE
     'LazyData' is specified without a 'data' directory
Flavors: r-devel-linux-x86_64-debian-clang, r-devel-linux-x86_64-debian-gcc, r-devel-linux-x86_64-fedora-clang, r-devel-linux-x86_64-fedora-gcc, r-devel-windows-x86_64, r-patched-linux-x86_64, r-release-linux-x86_64, r-release-macos-arm64, r-release-macos-x86_64, r-release-windows-x86_64, r-oldrel-macos-arm64, r-oldrel-macos-x86_64, r-oldrel-windows-ix86+x86_64