CRAN Package Check Results for Package EAinference

Last updated on 2022-09-27 12:52:50 CEST.

Flavor Version Tinstall Tcheck Ttotal Status Flags
r-devel-linux-x86_64-debian-clang 0.2.3 36.65 247.24 283.89 NOTE
r-devel-linux-x86_64-debian-gcc 0.2.3 30.93 186.35 217.28 NOTE
r-devel-linux-x86_64-fedora-clang 0.2.3 362.20 NOTE
r-devel-linux-x86_64-fedora-gcc 0.2.3 353.20 NOTE
r-devel-windows-x86_64 0.2.3 50.00 320.00 370.00 NOTE
r-patched-linux-x86_64 0.2.3 32.17 234.98 267.15 NOTE
r-release-linux-x86_64 0.2.3 32.16 235.94 268.10 NOTE
r-release-macos-arm64 0.2.3 77.00 NOTE
r-release-macos-x86_64 0.2.3 117.00 NOTE
r-release-windows-x86_64 0.2.3 48.00 303.00 351.00 NOTE
r-oldrel-macos-arm64 0.2.3 93.00 NOTE
r-oldrel-macos-x86_64 0.2.3 145.00 NOTE
r-oldrel-windows-ix86+x86_64 0.2.3 91.00 444.00 535.00 NOTE

Check Details

Version: 0.2.3
Check: LazyData
Result: NOTE
     'LazyData' is specified without a 'data' directory
Flavors: r-devel-linux-x86_64-debian-clang, r-devel-linux-x86_64-debian-gcc, r-devel-linux-x86_64-fedora-clang, r-devel-linux-x86_64-fedora-gcc, r-devel-windows-x86_64, r-patched-linux-x86_64, r-release-linux-x86_64, r-release-macos-arm64, r-release-macos-x86_64, r-release-windows-x86_64, r-oldrel-macos-arm64, r-oldrel-macos-x86_64, r-oldrel-windows-ix86+x86_64