CRAN Package Check Results for Package DysPIA

Last updated on 2024-02-24 18:54:48 CET.

Flavor Version Tinstall Tcheck Ttotal Status Flags
r-devel-linux-x86_64-debian-clang 1.3 26.75 49.34 76.09 OK
r-devel-linux-x86_64-debian-gcc 1.3 19.78 38.11 57.89 OK
r-devel-linux-x86_64-fedora-clang 1.3 106.19 OK
r-devel-linux-x86_64-fedora-gcc 1.3 96.22 OK
r-devel-windows-x86_64 1.3 21.00 77.00 98.00 NOTE
r-patched-linux-x86_64 1.3 28.19 47.59 75.78 OK
r-release-linux-x86_64 1.3 25.97 47.63 73.60 OK
r-release-macos-arm64 1.3 35.00 NOTE
r-release-macos-x86_64 1.3 45.00 NOTE
r-release-windows-x86_64 1.3 21.00 90.00 111.00 NOTE
r-oldrel-macos-arm64 1.3 34.00 NOTE
r-oldrel-windows-x86_64 1.3 31.00 85.00 116.00 NOTE

Check Details

Version: 1.3
Check: installed package size
Result: NOTE installed size is 5.1Mb sub-directories of 1Mb or more: data 3.9Mb libs 1.0Mb Flavors: r-devel-windows-x86_64, r-release-macos-arm64, r-release-macos-x86_64, r-release-windows-x86_64, r-oldrel-macos-arm64, r-oldrel-windows-x86_64