CRAN Package Check Results for Package DynTxRegime

Last updated on 2022-09-26 06:51:10 CEST.

Flavor Version Tinstall Tcheck Ttotal Status Flags
r-devel-linux-x86_64-debian-clang 4.10 29.55 125.56 155.11 WARN
r-devel-linux-x86_64-debian-gcc 4.10 27.61 93.96 121.57 WARN
r-devel-linux-x86_64-fedora-clang 4.10 207.46 WARN
r-devel-linux-x86_64-fedora-gcc 4.10 200.13 WARN
r-devel-windows-x86_64 4.10 445.00 176.00 621.00 OK
r-patched-linux-x86_64 4.10 34.04 109.92 143.96 OK
r-release-linux-x86_64 4.10 34.06 110.66 144.72 OK
r-release-macos-arm64 4.10 49.00 OK
r-release-macos-x86_64 4.10 68.00 OK
r-release-windows-x86_64 4.10 349.00 140.00 489.00 OK
r-oldrel-macos-arm64 4.10 48.00 OK
r-oldrel-macos-x86_64 4.10 68.00 OK
r-oldrel-windows-ix86+x86_64 4.10 57.00 133.00 190.00 OK

Check Details

Version: 4.10
Check: for code/documentation mismatches
Result: WARN
    Codoc mismatches from documentation object 'qqplot':
    qqplot
     Code: function(x, y, plot.it = TRUE, xlab = deparse1(substitute(x)),
     ylab = deparse1(substitute(y)), ..., conf.level =
     NULL, conf.args = list(exact = NULL, simulate.p.value
     = FALSE, B = 2000, col = NA, border = NULL))
     Docs: function(x, y, plot.it, xlab, ylab, ...)
     Argument names in code not in docs:
     conf.level conf.args
     Mismatches in argument default values:
     Name: 'plot.it' Code: TRUE Docs:
     Name: 'xlab' Code: deparse1(substitute(x)) Docs:
     Name: 'ylab' Code: deparse1(substitute(y)) Docs:
    qqplot
     Code: function(x, y, plot.it = TRUE, xlab = deparse1(substitute(x)),
     ylab = deparse1(substitute(y)), ..., conf.level =
     NULL, conf.args = list(exact = NULL, simulate.p.value
     = FALSE, B = 2000, col = NA, border = NULL))
     Docs: function(x, y, plot.it, xlab, ylab, ...)
     Argument names in code not in docs:
     conf.level conf.args
     Mismatches in argument default values:
     Name: 'plot.it' Code: TRUE Docs:
     Name: 'xlab' Code: deparse1(substitute(x)) Docs:
     Name: 'ylab' Code: deparse1(substitute(y)) Docs:
Flavors: r-devel-linux-x86_64-debian-clang, r-devel-linux-x86_64-debian-gcc, r-devel-linux-x86_64-fedora-clang, r-devel-linux-x86_64-fedora-gcc