CRAN Package Check Results for Package DoubleCone

Last updated on 2021-09-19 13:49:03 CEST.

Flavor Version Tinstall Tcheck Ttotal Status Flags
r-devel-linux-x86_64-debian-clang 1.1 7.57 74.84 82.41 OK
r-devel-linux-x86_64-debian-gcc 1.1 6.81 57.27 64.08 OK
r-devel-linux-x86_64-fedora-clang 1.1 109.96 OK
r-devel-linux-x86_64-fedora-gcc 1.1 95.43 OK
r-devel-windows-x86_64 1.1 8.00 74.00 82.00 OK
r-devel-windows-x86_64-gcc10-UCRT 1.1 ERROR
r-patched-linux-x86_64 1.1 8.01 72.72 80.73 OK
r-patched-solaris-x86 1.1 150.80 OK
r-release-linux-x86_64 1.1 7.35 72.88 80.23 OK
r-release-macos-arm64 1.1 OK
r-release-macos-x86_64 1.1 OK
r-release-windows-ix86+x86_64 1.1 18.00 92.00 110.00 OK
r-oldrel-macos-x86_64 1.1 OK
r-oldrel-windows-ix86+x86_64 1.1 17.00 75.00 92.00 OK

Check Details

Version: 1.1
Check: whether package can be installed
Result: WARN
    Found the following significant warnings:
     WARNING: installation-time patches will not be applied, could not get the patches index
Flavor: r-devel-windows-x86_64-gcc10-UCRT

Version: 1.1
Check: PDF version of manual
Result: WARN
    LaTeX errors when creating PDF version.
    This typically indicates Rd problems.
Flavor: r-devel-windows-x86_64-gcc10-UCRT

Version: 1.1
Check: PDF version of manual without hyperrefs or index
Result: ERROR
    Re-running with no redirection of stdout/stderr.
Flavor: r-devel-windows-x86_64-gcc10-UCRT