Last updated on 2023-04-02 00:57:30 CEST.
Flavor | Version | Tinstall | Tcheck | Ttotal | Status | Flags |
---|---|---|---|---|---|---|
r-devel-linux-x86_64-debian-clang | 1.2-1 | 18.26 | 136.63 | 154.89 | NOTE | |
r-devel-linux-x86_64-debian-gcc | 1.2-1 | 14.22 | 99.79 | 114.01 | NOTE | |
r-devel-linux-x86_64-fedora-clang | 1.2-1 | 188.16 | NOTE | |||
r-devel-linux-x86_64-fedora-gcc | 1.2-1 | 180.30 | NOTE | |||
r-devel-windows-x86_64 | 1.2-1 | 35.00 | 171.00 | 206.00 | NOTE | |
r-patched-linux-x86_64 | 1.2-1 | 22.15 | 128.93 | 151.08 | NOTE | |
r-release-linux-x86_64 | 1.2-1 | 17.41 | 125.44 | 142.85 | OK | |
r-release-macos-arm64 | 1.2-1 | 45.00 | OK | |||
r-release-macos-x86_64 | 1.2-1 | 71.00 | OK | |||
r-release-windows-x86_64 | 1.2-1 | 122.00 | 175.00 | 297.00 | OK | |
r-oldrel-macos-arm64 | 1.2-1 | 43.00 | OK | |||
r-oldrel-macos-x86_64 | 1.2-1 | 64.00 | OK | |||
r-oldrel-windows-ix86+x86_64 | 1.2-1 | 32.00 | 148.00 | 180.00 | OK |
Version: 1.2-1
Check: Rd files
Result: NOTE
checkRd: (-1) block.catlg.Rd:61: Escaped LaTeX specials: \^ \^
Flavors: r-devel-linux-x86_64-debian-clang, r-devel-linux-x86_64-debian-gcc, r-devel-linux-x86_64-fedora-clang, r-devel-linux-x86_64-fedora-gcc, r-devel-windows-x86_64, r-patched-linux-x86_64
Version: 1.2-1
Check: Rd \usage sections
Result: NOTE
S3 methods shown with full name in documentation object ‘GWLP’:
‘levels.no’
The \usage entries for S3 methods should use the \method markup and not
their full name.
See chapter ‘Writing R documentation files’ in the ‘Writing R
Extensions’ manual.
Flavors: r-devel-linux-x86_64-debian-clang, r-devel-linux-x86_64-debian-gcc, r-devel-linux-x86_64-fedora-clang, r-devel-linux-x86_64-fedora-gcc, r-devel-windows-x86_64, r-patched-linux-x86_64