CRAN Package Check Results for Package DoE.MIParray

Last updated on 2021-09-25 22:54:03 CEST.

Flavor Version Tinstall Tcheck Ttotal Status Flags
r-devel-linux-x86_64-debian-clang 0.13 6.66 47.35 54.01 WARN
r-devel-linux-x86_64-debian-gcc 0.13 4.65 36.36 41.01 WARN
r-devel-linux-x86_64-fedora-clang 0.13 74.78 WARN
r-devel-linux-x86_64-fedora-gcc 0.13 61.65 WARN
r-devel-windows-x86_64 0.13 8.00 51.00 59.00 WARN
r-devel-windows-x86_64-gcc10-UCRT 0.13 WARN
r-patched-linux-x86_64 0.13 9.56 46.28 55.84 WARN
r-patched-solaris-x86 0.13 88.50 WARN
r-release-linux-x86_64 0.13 5.74 45.52 51.26 WARN
r-release-macos-arm64 0.13 NOTE
r-release-macos-x86_64 0.13 NOTE
r-release-windows-ix86+x86_64 0.13 13.00 64.00 77.00 WARN
r-oldrel-macos-x86_64 0.13 NOTE
r-oldrel-windows-ix86+x86_64 0.13 7.00 50.00 57.00 WARN

Check Details

Version: 0.13
Check: package dependencies
Result: NOTE
    Package which this enhances but not available for checking: 'gurobi'
Flavors: r-devel-linux-x86_64-debian-clang, r-devel-linux-x86_64-debian-gcc, r-devel-linux-x86_64-fedora-clang, r-devel-linux-x86_64-fedora-gcc, r-devel-windows-x86_64, r-devel-windows-x86_64-gcc10-UCRT, r-patched-linux-x86_64, r-release-linux-x86_64, r-release-macos-arm64, r-release-macos-x86_64, r-release-windows-ix86+x86_64, r-oldrel-macos-x86_64, r-oldrel-windows-ix86+x86_64

Version: 0.13
Check: for code/documentation mismatches
Result: WARN
    Codoc mismatches from documentation object 'functionsFromDoE.base':
    oa_feasible
     Code: function(nruns, nlevels, strength = 2, verbose = TRUE,
     returnbound = FALSE)
     Docs: function(nruns, nlevels, strength = 2, verbose = TRUE)
     Argument names in code not in docs:
     returnbound
Flavors: r-devel-linux-x86_64-debian-clang, r-devel-linux-x86_64-debian-gcc, r-devel-linux-x86_64-fedora-clang, r-devel-linux-x86_64-fedora-gcc, r-devel-windows-x86_64, r-devel-windows-x86_64-gcc10-UCRT, r-patched-linux-x86_64, r-patched-solaris-x86, r-release-linux-x86_64, r-release-windows-ix86+x86_64, r-oldrel-windows-ix86+x86_64

Version: 0.13
Check: LazyData
Result: NOTE
     'LazyData' is specified without a 'data' directory
Flavors: r-devel-linux-x86_64-debian-clang, r-devel-linux-x86_64-debian-gcc, r-devel-linux-x86_64-fedora-clang, r-devel-linux-x86_64-fedora-gcc, r-devel-windows-x86_64, r-devel-windows-x86_64-gcc10-UCRT, r-patched-linux-x86_64, r-patched-solaris-x86, r-release-linux-x86_64, r-release-macos-arm64, r-release-macos-x86_64, r-release-windows-ix86+x86_64

Version: 0.13
Check: package dependencies
Result: NOTE
    Packages which this enhances but not available for checking:
     'gurobi', 'Rmosek'
Flavor: r-patched-solaris-x86