CRAN Package Check Results for Package DistributionOptimization

Last updated on 2024-02-22 06:51:37 CET.

Flavor Version Tinstall Tcheck Ttotal Status Flags
r-devel-linux-x86_64-debian-clang 1.2.6 NOTE
r-devel-linux-x86_64-debian-gcc 1.2.6 7.31 51.32 58.63 NOTE
r-devel-linux-x86_64-fedora-clang 1.2.6 105.51 NOTE
r-devel-linux-x86_64-fedora-gcc 1.2.6 88.92 NOTE
r-devel-windows-x86_64 1.2.6 9.00 69.00 78.00 NOTE
r-patched-linux-x86_64 1.2.6 6.65 64.83 71.48 NOTE
r-release-linux-x86_64 1.2.6 5.41 65.28 70.69 NOTE
r-release-macos-arm64 1.2.6 29.00 NOTE
r-release-macos-x86_64 1.2.6 43.00 NOTE
r-release-windows-x86_64 1.2.6 11.00 82.00 93.00 NOTE
r-oldrel-macos-arm64 1.2.6 29.00 NOTE
r-oldrel-windows-x86_64 1.2.6 13.00 84.00 97.00 NOTE

Check Details

Version: 1.2.6
Check: LazyData
Result: NOTE 'LazyData' is specified without a 'data' directory Flavors: r-devel-linux-x86_64-debian-clang, r-devel-linux-x86_64-debian-gcc, r-devel-linux-x86_64-fedora-clang, r-devel-linux-x86_64-fedora-gcc, r-devel-windows-x86_64, r-patched-linux-x86_64, r-release-linux-x86_64, r-release-macos-arm64, r-release-macos-x86_64, r-release-windows-x86_64, r-oldrel-macos-arm64, r-oldrel-windows-x86_64