CRAN Package Check Results for Package Distance

Last updated on 2021-11-26 19:52:48 CET.

Flavor Version Tinstall Tcheck Ttotal Status Flags
r-devel-linux-x86_64-debian-clang 1.0.4 11.04 191.00 202.04 OK
r-devel-linux-x86_64-debian-gcc 1.0.4 9.45 142.74 152.19 OK
r-devel-linux-x86_64-fedora-clang 1.0.4 245.12 NOTE
r-devel-linux-x86_64-fedora-gcc 1.0.4 232.61 OK
r-devel-windows-x86_64-new-UL 1.0.4 26.00 237.00 263.00 OK
r-devel-windows-x86_64-new-TK 1.0.4 OK
r-devel-windows-x86_64-old 1.0.4 16.00 232.00 248.00 OK
r-patched-linux-x86_64 1.0.4 15.36 177.38 192.74 OK
r-patched-solaris-x86 1.0.4 306.60 OK
r-release-linux-x86_64 1.0.4 OK
r-release-macos-arm64 1.0.4 OK
r-release-macos-x86_64 1.0.4 OK
r-release-windows-ix86+x86_64 1.0.4 26.00 165.00 191.00 OK
r-oldrel-macos-x86_64 1.0.4 OK
r-oldrel-windows-ix86+x86_64 1.0.4 41.00 225.00 266.00 OK

Check Details

Version: 1.0.4
Check: Rd cross-references
Result: NOTE
    Undeclared packages ‘optimx’, ‘readxl’ in Rd xrefs
Flavor: r-devel-linux-x86_64-fedora-clang