CRAN Package Check Results for Package DirectEffects

Last updated on 2021-12-07 20:52:37 CET.

Flavor Version Tinstall Tcheck Ttotal Status Flags
r-devel-linux-x86_64-debian-clang 0.2.1 2.72 53.54 56.26 OK
r-devel-linux-x86_64-debian-gcc 0.2.1 2.43 42.38 44.81 OK
r-devel-linux-x86_64-fedora-clang 0.2.1 70.98 NOTE
r-devel-linux-x86_64-fedora-gcc 0.2.1 59.38 NOTE
r-devel-windows-x86_64-new-UL 0.2.1 9.00 89.00 98.00 OK
r-devel-windows-x86_64-new-TK 0.2.1 NOTE
r-devel-windows-x86_64-old 0.2.1 6.00 68.00 74.00 OK
r-patched-linux-x86_64 0.2.1 3.36 52.10 55.46 OK
r-release-linux-x86_64 0.2.1 2.83 51.92 54.75 OK
r-release-macos-arm64 0.2.1 NOTE
r-release-macos-x86_64 0.2.1 NOTE
r-release-windows-ix86+x86_64 0.2.1 5.00 66.00 71.00 OK
r-oldrel-macos-x86_64 0.2.1 NOTE
r-oldrel-windows-ix86+x86_64 0.2.1 7.00 65.00 72.00 OK

Check Details

Version: 0.2.1
Check: dependencies in R code
Result: NOTE
    Namespace in Imports field not imported from: ‘sandwich’
     All declared Imports should be used.
Flavors: r-devel-linux-x86_64-fedora-clang, r-devel-linux-x86_64-fedora-gcc, r-devel-windows-x86_64-new-TK, r-release-macos-arm64, r-release-macos-x86_64, r-oldrel-macos-x86_64