CRAN Package Check Results for Package DiffusionRimp

Last updated on 2021-08-05 01:49:28 CEST.

Flavor Version Tinstall Tcheck Ttotal Status Flags
r-devel-linux-x86_64-debian-clang 0.1.2 37.42 59.29 96.71 OK
r-devel-linux-x86_64-debian-gcc 0.1.2 25.14 46.68 71.82 OK
r-devel-linux-x86_64-fedora-clang 0.1.2 128.75 NOTE
r-devel-linux-x86_64-fedora-gcc 0.1.2 112.30 NOTE
r-devel-windows-x86_64 0.1.2 33.00 88.00 121.00 OK
r-devel-windows-x86_64-gcc10-UCRT 0.1.2 OK
r-patched-linux-x86_64 0.1.2 31.28 59.13 90.41 OK
r-patched-solaris-x86 0.1.2 131.70 OK
r-release-linux-x86_64 0.1.2 29.16 58.81 87.97 OK
r-release-macos-arm64 0.1.2 OK
r-release-macos-x86_64 0.1.2 OK
r-release-windows-ix86+x86_64 0.1.2 78.00 103.00 181.00 OK
r-oldrel-macos-x86_64 0.1.2 OK
r-oldrel-windows-ix86+x86_64 0.1.2 57.00 104.00 161.00 OK

Check Details

Version: 0.1.2
Check: compiled code
Result: NOTE
    File ‘DiffusionRimp/libs/DiffusionRimp.so’:
     Found no calls to: ‘R_registerRoutines’, ‘R_useDynamicSymbols’
    
    It is good practice to register native routines and to disable symbol
    search.
    
    See ‘Writing portable packages’ in the ‘Writing R Extensions’ manual.
Flavors: r-devel-linux-x86_64-fedora-clang, r-devel-linux-x86_64-fedora-gcc