CRAN Package Check Results for Package DiffusionRgqd

Last updated on 2021-07-26 01:50:10 CEST.

Flavor Version Tinstall Tcheck Ttotal Status Flags
r-devel-linux-x86_64-debian-clang 0.1.3 40.82 97.22 138.04 OK
r-devel-linux-x86_64-debian-gcc 0.1.3 29.37 73.80 103.17 OK
r-devel-linux-x86_64-fedora-clang 0.1.3 195.70 NOTE
r-devel-linux-x86_64-fedora-gcc 0.1.3 167.68 NOTE
r-devel-windows-x86_64 0.1.3 55.00 134.00 189.00 NOTE
r-devel-windows-x86_64-gcc10-UCRT 0.1.3 OK
r-patched-linux-x86_64 0.1.3 37.56 98.70 136.26 OK
r-patched-solaris-x86 0.1.3 181.50 NOTE
r-release-linux-x86_64 0.1.3 35.70 93.43 129.13 OK
r-release-macos-arm64 0.1.3 NOTE
r-release-macos-x86_64 0.1.3 NOTE
r-release-windows-ix86+x86_64 0.1.3 92.00 149.00 241.00 NOTE
r-oldrel-macos-x86_64 0.1.3 NOTE
r-oldrel-windows-ix86+x86_64 0.1.3 70.00 159.00 229.00 NOTE

Check Details

Version: 0.1.3
Check: installed package size
Result: NOTE
     installed size is 6.8Mb
     sub-directories of 1Mb or more:
     doc 5.2Mb
Flavors: r-devel-linux-x86_64-fedora-clang, r-devel-windows-x86_64, r-patched-solaris-x86, r-release-macos-arm64, r-release-macos-x86_64, r-release-windows-ix86+x86_64, r-oldrel-macos-x86_64, r-oldrel-windows-ix86+x86_64

Version: 0.1.3
Check: compiled code
Result: NOTE
    File ‘DiffusionRgqd/libs/DiffusionRgqd.so’:
     Found no calls to: ‘R_registerRoutines’, ‘R_useDynamicSymbols’
    
    It is good practice to register native routines and to disable symbol
    search.
    
    See ‘Writing portable packages’ in the ‘Writing R Extensions’ manual.
Flavors: r-devel-linux-x86_64-fedora-clang, r-devel-linux-x86_64-fedora-gcc