CRAN Package Check Results for Package DescriptiveStats.OBeu

Last updated on 2024-02-25 21:49:31 CET.

Flavor Version Tinstall Tcheck Ttotal Status Flags
r-devel-linux-x86_64-debian-clang 1.3.2 2.60 34.25 36.85 OK
r-devel-linux-x86_64-debian-gcc 1.3.2 2.12 27.10 29.22 OK
r-devel-linux-x86_64-fedora-clang 1.3.2 53.25 NOTE
r-devel-linux-x86_64-fedora-gcc 1.3.2 56.83 NOTE
r-devel-windows-x86_64 1.3.2 4.00 52.00 56.00 OK
r-patched-linux-x86_64 1.3.2 1.94 34.20 36.14 OK
r-release-linux-x86_64 1.3.2 2.56 33.92 36.48 OK
r-release-macos-arm64 1.3.2 29.00 OK
r-release-macos-x86_64 1.3.2 41.00 OK
r-release-windows-x86_64 1.3.2 5.00 52.00 57.00 OK
r-oldrel-macos-arm64 1.3.2 20.00 NOTE
r-oldrel-windows-x86_64 1.3.2 4.00 58.00 62.00 OK

Check Details

Version: 1.3.2
Check: data for non-ASCII characters
Result: NOTE Note: found 5764 marked UTF-8 strings Flavors: r-devel-linux-x86_64-fedora-clang, r-devel-linux-x86_64-fedora-gcc, r-oldrel-macos-arm64