CRAN Package Check Results for Package DescribeDisplay

Last updated on 2022-09-26 00:50:29 CEST.

Flavor Version Tinstall Tcheck Ttotal Status Flags
r-devel-linux-x86_64-debian-clang 0.2.7 7.02 77.24 84.26 NOTE
r-devel-linux-x86_64-debian-gcc 0.2.7 6.60 56.30 62.90 NOTE
r-devel-linux-x86_64-fedora-clang 0.2.7 107.06 NOTE
r-devel-linux-x86_64-fedora-gcc 0.2.7 105.19 NOTE
r-devel-windows-x86_64 0.2.7 47.00 101.00 148.00 NOTE
r-patched-linux-x86_64 0.2.7 6.47 70.86 77.33 OK
r-release-linux-x86_64 0.2.7 7.79 70.15 77.94 OK
r-release-macos-arm64 0.2.7 30.00 OK
r-release-macos-x86_64 0.2.7 61.00 OK
r-release-windows-x86_64 0.2.7 62.00 99.00 161.00 OK
r-oldrel-macos-arm64 0.2.7 42.00 OK
r-oldrel-macos-x86_64 0.2.7 55.00 OK
r-oldrel-windows-ix86+x86_64 0.2.7 17.00 102.00 119.00 OK

Check Details

Version: 0.2.7
Check: Rd files
Result: NOTE
    checkRd: (-1) geom_axis.Rd:10: Escaped LaTeX specials: \_
Flavors: r-devel-linux-x86_64-debian-clang, r-devel-linux-x86_64-debian-gcc, r-devel-linux-x86_64-fedora-clang, r-devel-linux-x86_64-fedora-gcc, r-devel-windows-x86_64