CRAN Package Check Results for Package DepthProc

Last updated on 2021-08-03 13:53:07 CEST.

Flavor Version Tinstall Tcheck Ttotal Status Flags
r-devel-linux-x86_64-debian-clang 2.1.3 189.10 179.33 368.43 OK
r-devel-linux-x86_64-debian-gcc 2.1.3 123.16 129.95 253.11 OK
r-devel-linux-x86_64-fedora-clang 2.1.3 483.65 OK
r-devel-linux-x86_64-fedora-gcc 2.1.3 434.41 OK
r-devel-windows-x86_64 2.1.3 173.00 204.00 377.00 OK
r-devel-windows-x86_64-gcc10-UCRT 2.1.3 OK
r-patched-linux-x86_64 2.1.3 151.45 160.91 312.36 OK
r-patched-solaris-x86 2.1.3 486.70 OK
r-release-linux-x86_64 2.1.3 147.79 163.82 311.61 OK
r-release-macos-arm64 2.1.3 NOTE
r-release-macos-x86_64 2.1.3 OK
r-release-windows-ix86+x86_64 2.1.3 418.00 214.00 632.00 OK
r-oldrel-macos-x86_64 2.1.3 OK
r-oldrel-windows-ix86+x86_64 2.1.3 320.00 303.00 623.00 OK

Check Details

Version: 2.1.3
Check: installed package size
Result: NOTE
     installed size is 5.6Mb
     sub-directories of 1Mb or more:
     libs 4.7Mb
Flavor: r-release-macos-arm64