CRAN Package Check Results for Package DepLogo

Last updated on 2021-12-07 20:52:36 CET.

Flavor Version Tinstall Tcheck Ttotal Status Flags
r-devel-linux-x86_64-debian-clang 1.2 4.20 284.45 288.65 OK
r-devel-linux-x86_64-debian-gcc 1.2 3.39 197.65 201.04 OK
r-devel-linux-x86_64-fedora-clang 1.2 323.70 NOTE
r-devel-linux-x86_64-fedora-gcc 1.2 305.72 OK
r-devel-windows-x86_64-new-UL 1.2 15.00 338.00 353.00 NOTE
r-devel-windows-x86_64-new-TK 1.2 OK
r-devel-windows-x86_64-old 1.2 8.00 325.00 333.00 NOTE
r-patched-linux-x86_64 1.2 4.25 261.35 265.60 OK
r-release-linux-x86_64 1.2 4.15 264.35 268.50 OK
r-release-macos-arm64 1.2 NOTE
r-release-macos-x86_64 1.2 NOTE
r-release-windows-ix86+x86_64 1.2 7.00 307.00 314.00 NOTE
r-oldrel-macos-x86_64 1.2 NOTE
r-oldrel-windows-ix86+x86_64 1.2 10.00 310.00 320.00 NOTE

Check Details

Version: 1.2
Check: installed package size
Result: NOTE
     installed size is 7.2Mb
     sub-directories of 1Mb or more:
     doc 4.9Mb
     extdata 2.1Mb
Flavors: r-devel-linux-x86_64-fedora-clang, r-devel-windows-x86_64-new-UL, r-devel-windows-x86_64-old, r-release-macos-arm64, r-release-macos-x86_64, r-release-windows-ix86+x86_64, r-oldrel-macos-x86_64, r-oldrel-windows-ix86+x86_64