CRAN Package Check Results for Package DemografixeR

Last updated on 2024-02-25 12:51:45 CET.

Flavor Version Tinstall Tcheck Ttotal Status Flags
r-devel-linux-x86_64-debian-clang 0.1.1 2.15 29.22 31.37 NOTE
r-devel-linux-x86_64-debian-gcc 0.1.1 1.96 22.81 24.77 NOTE
r-devel-linux-x86_64-fedora-clang 0.1.1 44.50 NOTE
r-devel-linux-x86_64-fedora-gcc 0.1.1 48.91 NOTE
r-devel-windows-x86_64 0.1.1 3.00 48.00 51.00 NOTE
r-patched-linux-x86_64 0.1.1 2.73 28.63 31.36 NOTE
r-release-linux-x86_64 0.1.1 2.54 28.51 31.05 NOTE
r-release-macos-arm64 0.1.1 26.00 NOTE
r-release-macos-x86_64 0.1.1 35.00 NOTE
r-release-windows-x86_64 0.1.1 4.00 48.00 52.00 NOTE
r-oldrel-macos-arm64 0.1.1 21.00 NOTE
r-oldrel-windows-x86_64 0.1.1 4.00 52.00 56.00 NOTE

Check Details

Version: 0.1.1
Check: LazyData
Result: NOTE 'LazyData' is specified without a 'data' directory Flavors: r-devel-linux-x86_64-debian-clang, r-devel-linux-x86_64-debian-gcc, r-devel-linux-x86_64-fedora-clang, r-devel-linux-x86_64-fedora-gcc, r-devel-windows-x86_64, r-patched-linux-x86_64, r-release-linux-x86_64, r-release-macos-arm64, r-release-macos-x86_64, r-release-windows-x86_64, r-oldrel-macos-arm64, r-oldrel-windows-x86_64