CRAN Package Check Results for Package Delaporte

Last updated on 2021-11-26 19:52:47 CET.

Flavor Version Tinstall Tcheck Ttotal Status Flags
r-devel-linux-x86_64-debian-clang 8.0.1 3.93 42.28 46.21 OK
r-devel-linux-x86_64-debian-gcc 8.0.1 2.77 29.62 32.39 OK
r-devel-linux-x86_64-fedora-clang 8.0.1 65.76 NOTE
r-devel-linux-x86_64-fedora-gcc 8.0.1 52.54 OK
r-devel-windows-x86_64-new-UL 8.0.1 14.00 81.00 95.00 OK
r-devel-windows-x86_64-new-TK 8.0.1 OK
r-devel-windows-x86_64-old 8.0.1 8.00 63.00 71.00 OK
r-patched-linux-x86_64 8.0.1 3.68 39.24 42.92 OK
r-patched-solaris-x86 8.0.1 83.90 OK
r-release-linux-x86_64 8.0.1 OK
r-release-macos-arm64 8.0.1 OK
r-release-macos-x86_64 8.0.1 OK
r-release-windows-ix86+x86_64 8.0.1 14.00 78.00 92.00 OK
r-oldrel-macos-x86_64 8.0.1 OK
r-oldrel-windows-ix86+x86_64 8.0.1 11.00 92.00 103.00 OK

Check Details

Version: 8.0.1
Check: Rd cross-references
Result: NOTE
    Undeclared packages ‘e1071’, ‘nloptr’ in Rd xrefs
Flavor: r-devel-linux-x86_64-fedora-clang