Last updated on 2023-03-21 19:03:58 CET.
Flavor | Version | Tinstall | Tcheck | Ttotal | Status | Flags |
---|---|---|---|---|---|---|
r-devel-linux-x86_64-debian-clang | 8.1.0 | 4.29 | 39.27 | 43.56 | OK | |
r-devel-linux-x86_64-debian-gcc | 8.1.0 | 3.44 | 28.41 | 31.85 | OK | |
r-devel-linux-x86_64-fedora-clang | 8.1.0 | 53.84 | NOTE | |||
r-devel-linux-x86_64-fedora-gcc | 8.1.0 | 50.11 | OK | |||
r-devel-windows-x86_64 | 8.1.0 | 26.00 | 70.00 | 96.00 | OK | |
r-patched-linux-x86_64 | 8.1.0 | 3.87 | 38.15 | 42.02 | WARN | |
r-release-linux-x86_64 | 8.1.0 | 3.67 | 38.77 | 42.44 | WARN | |
r-release-macos-arm64 | 8.1.0 | 24.00 | WARN | |||
r-release-macos-x86_64 | 8.1.0 | 33.00 | WARN | |||
r-release-windows-x86_64 | 8.1.0 | 23.00 | 81.00 | 104.00 | WARN | |
r-oldrel-macos-arm64 | 8.1.0 | 34.00 | WARN | |||
r-oldrel-macos-x86_64 | 8.1.0 | 36.00 | WARN | |||
r-oldrel-windows-ix86+x86_64 | 8.1.0 | 13.00 | 93.00 | 106.00 | WARN |
Version: 8.1.0
Check: Rd cross-references
Result: NOTE
Undeclared packages ‘e1071’, ‘nloptr’ in Rd xrefs
Flavor: r-devel-linux-x86_64-fedora-clang
Version: 8.1.0
Check: compilation flags in Makevars
Result: WARN
Non-portable flags in variable ‘PKG_FFLAGS’:
-std=f2008
Flavors: r-patched-linux-x86_64, r-release-linux-x86_64, r-release-macos-arm64, r-release-macos-x86_64, r-release-windows-x86_64, r-oldrel-macos-arm64, r-oldrel-macos-x86_64, r-oldrel-windows-ix86+x86_64