CRAN Package Check Results for Package DatabionicSwarm

Last updated on 2022-09-29 06:54:19 CEST.

Flavor Version Tinstall Tcheck Ttotal Status Flags
r-devel-linux-x86_64-debian-clang 1.1.5 143.85 106.74 250.59 OK
r-devel-linux-x86_64-debian-gcc 1.1.5 115.24 85.82 201.06 OK
r-devel-linux-x86_64-fedora-clang 1.1.5 390.48 OK
r-devel-linux-x86_64-fedora-gcc 1.1.5 340.83 OK
r-devel-windows-x86_64 1.1.5 171.00 166.00 337.00 OK
r-patched-linux-x86_64 1.1.5 124.76 108.38 233.14 OK
r-release-linux-x86_64 1.1.5 131.17 105.79 236.96 OK
r-release-macos-arm64 1.1.5 84.00 NOTE
r-release-macos-x86_64 1.1.5 148.00 NOTE
r-release-windows-x86_64 1.1.5 161.00 164.00 325.00 OK
r-oldrel-macos-arm64 1.1.5 76.00 NOTE
r-oldrel-macos-x86_64 1.1.5 110.00 NOTE
r-oldrel-windows-ix86+x86_64 1.1.5 365.00 175.00 540.00 NOTE

Check Details

Version: 1.1.5
Check: installed package size
Result: NOTE
     installed size is 7.2Mb
     sub-directories of 1Mb or more:
     doc 3.0Mb
     libs 3.9Mb
Flavors: r-release-macos-arm64, r-release-macos-x86_64, r-oldrel-macos-arm64, r-oldrel-macos-x86_64, r-oldrel-windows-ix86+x86_64