CRAN Package Check Results for Package DarkDiv

Last updated on 2022-09-29 06:54:19 CEST.

Flavor Version Tinstall Tcheck Ttotal Status Flags
r-devel-linux-x86_64-debian-clang 0.3.0 7.03 66.72 73.75 NOTE
r-devel-linux-x86_64-debian-gcc 0.3.0 6.53 52.47 59.00 NOTE
r-devel-linux-x86_64-fedora-clang 0.3.0 106.02 NOTE
r-devel-linux-x86_64-fedora-gcc 0.3.0 100.23 NOTE
r-devel-windows-x86_64 0.3.0 9.00 90.00 99.00 NOTE
r-patched-linux-x86_64 0.3.0 7.83 63.96 71.79 NOTE
r-release-linux-x86_64 0.3.0 8.54 64.99 73.53 NOTE
r-release-macos-arm64 0.3.0 26.00 NOTE
r-release-macos-x86_64 0.3.0 41.00 NOTE
r-release-windows-x86_64 0.3.0 10.00 93.00 103.00 NOTE
r-oldrel-macos-arm64 0.3.0 33.00 NOTE
r-oldrel-macos-x86_64 0.3.0 56.00 NOTE
r-oldrel-windows-ix86+x86_64 0.3.0 18.00 90.00 108.00 NOTE

Check Details

Version: 0.3.0
Check: LazyData
Result: NOTE
     'LazyData' is specified without a 'data' directory
Flavors: r-devel-linux-x86_64-debian-clang, r-devel-linux-x86_64-debian-gcc, r-devel-linux-x86_64-fedora-clang, r-devel-linux-x86_64-fedora-gcc, r-devel-windows-x86_64, r-patched-linux-x86_64, r-release-linux-x86_64, r-release-macos-arm64, r-release-macos-x86_64, r-release-windows-x86_64, r-oldrel-macos-arm64, r-oldrel-macos-x86_64, r-oldrel-windows-ix86+x86_64