Last updated on 2023-09-29 00:56:46 CEST.
Flavor | Version | Tinstall | Tcheck | Ttotal | Status | Flags |
---|---|---|---|---|---|---|
r-devel-linux-x86_64-debian-clang | 1.0.0 | 47.64 | 54.14 | 101.78 | OK | |
r-devel-linux-x86_64-debian-gcc | 1.0.0 | 33.32 | 39.95 | 73.27 | OK | |
r-devel-linux-x86_64-fedora-clang | 1.0.0 | 136.23 | OK | |||
r-devel-linux-x86_64-fedora-gcc | 1.0.0 | 143.38 | OK | |||
r-devel-windows-x86_64 | 1.0.0 | 39.00 | 80.00 | 119.00 | OK | |
r-patched-linux-x86_64 | 1.0.0 | 43.84 | 54.17 | 98.01 | OK | |
r-release-linux-x86_64 | 1.0.0 | 48.85 | 53.96 | 102.81 | OK | |
r-release-macos-arm64 | 1.0.0 | 42.00 | NOTE | |||
r-release-macos-x86_64 | 1.0.0 | 69.00 | NOTE | |||
r-release-windows-x86_64 | 1.0.0 | 47.00 | 90.00 | 137.00 | OK | |
r-oldrel-macos-arm64 | 1.0.0 | 42.00 | NOTE | |||
r-oldrel-macos-x86_64 | 1.0.0 | 52.00 | NOTE | |||
r-oldrel-windows-x86_64 | 1.0.0 | 48.00 | 85.00 | 133.00 | OK |
Version: 1.0.0
Check: installed package size
Result: NOTE
installed size is 13.0Mb
sub-directories of 1Mb or more:
libs 12.9Mb
Flavors: r-release-macos-arm64, r-release-macos-x86_64, r-oldrel-macos-arm64, r-oldrel-macos-x86_64