CRAN Package Check Results for Package DTAplots

Last updated on 2024-06-19 00:49:26 CEST.

Flavor Version Tinstall Tcheck Ttotal Status Flags
r-devel-linux-x86_64-debian-clang 1.0.2.5 3.80 26.48 30.28 OK
r-devel-linux-x86_64-debian-gcc 1.0.2.5 2.71 20.15 22.86 OK
r-devel-linux-x86_64-fedora-clang 1.0.2.5 36.87 NOTE
r-devel-linux-x86_64-fedora-gcc 1.0.2.5 35.69 NOTE
r-devel-windows-x86_64 1.0.2.5 3.00 40.00 43.00 OK
r-patched-linux-x86_64 1.0.2.5 3.15 25.66 28.81 OK
r-release-linux-x86_64 1.0.2.5 3.89 26.03 29.92 OK
r-release-macos-arm64 1.0.2.5 16.00 OK
r-release-macos-x86_64 1.0.2.5 24.00 OK
r-release-windows-x86_64 1.0.2.5 4.00 39.00 43.00 OK
r-oldrel-macos-arm64 1.0.2.5 18.00 OK
r-oldrel-macos-x86_64 1.0.2.5 22.00 OK
r-oldrel-windows-x86_64 1.0.2.5 6.00 40.00 46.00 OK

Check Details

Version: 1.0.2.5
Check: data for non-ASCII characters
Result: NOTE Note: found 1 marked Latin-1 string Flavors: r-devel-linux-x86_64-fedora-clang, r-devel-linux-x86_64-fedora-gcc