Last updated on 2025-01-22 12:59:59 CET.
Flavor | Version | Tinstall | Tcheck | Ttotal | Status | Flags |
---|---|---|---|---|---|---|
r-devel-linux-x86_64-debian-clang | 1.8.2 | 62.54 | 117.20 | 179.74 | OK | |
r-devel-linux-x86_64-debian-gcc | 1.8.2 | 47.48 | 81.51 | 128.99 | OK | |
r-devel-linux-x86_64-fedora-clang | 1.8.2 | 307.92 | OK | |||
r-devel-linux-x86_64-fedora-gcc | 1.8.2 | 308.51 | OK | |||
r-devel-windows-x86_64 | 1.8.2 | 66.00 | 132.00 | 198.00 | OK | |
r-patched-linux-x86_64 | 1.8.2 | 64.16 | 108.23 | 172.39 | OK | |
r-release-linux-x86_64 | 1.8.2 | 66.91 | 107.81 | 174.72 | OK | |
r-release-macos-arm64 | 1.8.2 | 77.00 | NOTE | |||
r-release-macos-x86_64 | 1.8.2 | 105.00 | NOTE | |||
r-release-windows-x86_64 | 1.8.2 | 63.00 | 132.00 | 195.00 | OK | |
r-oldrel-macos-arm64 | 1.8.2 | 73.00 | NOTE | |||
r-oldrel-macos-x86_64 | 1.8.2 | 170.00 | NOTE | |||
r-oldrel-windows-x86_64 | 1.8.2 | 85.00 | 171.00 | 256.00 | OK |
Version: 1.8.2
Check: installed package size
Result: NOTE
installed size is 8.2Mb
sub-directories of 1Mb or more:
data 2.8Mb
libs 5.1Mb
Flavors: r-release-macos-arm64, r-release-macos-x86_64, r-oldrel-macos-arm64, r-oldrel-macos-x86_64