CRAN Package Check Results for Package DRR

Last updated on 2022-11-30 18:50:21 CET.

Flavor Version Tinstall Tcheck Ttotal Status Flags
r-devel-linux-x86_64-debian-clang 0.0.4 11.80 267.30 279.10 NOTE
r-devel-linux-x86_64-debian-gcc 0.0.4 8.29 200.25 208.54 NOTE
r-devel-linux-x86_64-fedora-clang 0.0.4 354.17 NOTE
r-devel-linux-x86_64-fedora-gcc 0.0.4 338.20 NOTE
r-devel-windows-x86_64 0.0.4 14.00 288.00 302.00 NOTE
r-patched-linux-x86_64 0.0.4 7.71 253.62 261.33 NOTE
r-release-linux-x86_64 0.0.4 10.58 255.26 265.84 NOTE
r-release-macos-arm64 0.0.4 85.00 NOTE
r-release-macos-x86_64 0.0.4 118.00 NOTE
r-release-windows-x86_64 0.0.4 14.00 294.00 308.00 NOTE
r-oldrel-macos-arm64 0.0.4 90.00 NOTE
r-oldrel-macos-x86_64 0.0.4 177.00 NOTE
r-oldrel-windows-ix86+x86_64 0.0.4 21.00 293.00 314.00 NOTE

Check Details

Version: 0.0.4
Check: LazyData
Result: NOTE
     'LazyData' is specified without a 'data' directory
Flavors: r-devel-linux-x86_64-debian-clang, r-devel-linux-x86_64-debian-gcc, r-devel-linux-x86_64-fedora-clang, r-devel-linux-x86_64-fedora-gcc, r-devel-windows-x86_64, r-patched-linux-x86_64, r-release-linux-x86_64, r-release-macos-arm64, r-release-macos-x86_64, r-release-windows-x86_64, r-oldrel-macos-arm64, r-oldrel-macos-x86_64, r-oldrel-windows-ix86+x86_64