CRAN Package Check Results for Package DQAstats

Last updated on 2022-06-30 06:49:23 CEST.

Flavor Version Tinstall Tcheck Ttotal Status Flags
r-devel-linux-x86_64-debian-clang 0.3.0 6.76 150.52 157.28 OK
r-devel-linux-x86_64-debian-gcc 0.3.1 6.00 95.51 101.51 OK
r-devel-linux-x86_64-fedora-clang 0.3.1 178.21 OK
r-devel-linux-x86_64-fedora-gcc 0.3.1 179.46 OK
r-devel-windows-x86_64 0.3.1 65.00 227.00 292.00 OK
r-patched-linux-x86_64 0.3.1 4.86 120.22 125.08 OK
r-release-linux-x86_64 0.3.0 5.20 121.92 127.12 OK
r-release-macos-arm64 0.3.0 65.00 OK
r-release-macos-x86_64 0.3.1 75.00 OK
r-release-windows-x86_64 0.3.1 68.00 192.00 260.00 OK
r-oldrel-macos-arm64 0.3.0 61.00 OK
r-oldrel-macos-x86_64 0.3.1 72.00 OK
r-oldrel-windows-ix86+x86_64 0.3.1 5.00 18.00 23.00 ERROR

Check Details

Version: 0.3.1
Check: whether package can be installed
Result: ERROR
    Installation failed.
Flavor: r-oldrel-windows-ix86+x86_64